q(d) = -2453*d - 2517. Is q(-28) prime?
False
Let q = -1118 + 2392. Is ((-8)/16)/((-1)/6) + q composite?
False
Let o be (106/4)/(35/3290). Let n = -989 + o. Is n composite?
True
Let j(i) = 6*i**3 - 12*i**2 - 63*i + 1349. Is j(34) a prime number?
True
Suppose -5*q = -3*d + 12786 + 11152, 8006 = d + 5*q. Suppose d = -3*g + 27813. Is g composite?
True
Let t = 63 - 60. Let y(p) = -p**3 + 2*p**2 + p + 8. Let v be y(t). Suppose v*z - 925 - 1951 = 0. Is z composite?
True
Let b = 767534 - -426409. Is b prime?
False
Is 8/(-24) + 1520032/48 prime?
True
Let h(d) = 2*d + 1337. Let p be h(0). Let r = -4597 + p. Is 10*(-3)/(-4)*r/(-30) a composite number?
True
Let g be (-17614)/(-9) + 38/(-342). Suppose l = 2*o - 1635, 1278 = 4*o + 5*l - g. Is o composite?
True
Suppose -5*i - 3*w - 3106 = 2601, 0 = 2*i - 4*w + 2288. Let f = 9345 - i. Is f a prime number?
True
Let m(l) be the second derivative of l**5/20 + 5*l**4/2 + 19*l**3/6 + 21*l**2/2 + 9*l + 3. Is m(-13) composite?
False
Let s(f) = 4*f**3 - f**2 - 3*f. Let i be s(-3). Let z be -3*4542/i - (-1)/(-6). Let h = -107 + z. Is h prime?
True
Let b = 345 - 345. Suppose -2*s = -b*x + 4*x - 12646, 4*x = 5*s + 12667. Is x a composite number?
False
Suppose -4*p + 1 = 5. Let j(g) = 3651*g**2 - 4*g - 2. Is j(p) composite?
True
Suppose 40*x + 714253 = 149*x + 104507. Is x composite?
True
Suppose -11*f - 19*f + 72*f - 2972298 = 0. Is f a prime number?
True
Let n be ((-2)/(-1) - 0)/(1/(-2)). Is 0 + (-3)/12 + (-3629)/n a prime number?
True
Let m(t) = t - 1. Let x = 72 - 71. Let o(r) = 85*r**2 - 3*r - 3. Let g(i) = x*o(i) - 4*m(i). Is g(-3) composite?
False
Let c(h) = 405*h**2 + 8*h + 8. Let v be c(-1). Let o be v/6*(-44)/(-12)*-2. Let d = o + 1004. Is d composite?
False
Let j be 5/(-30) - 29/6. Let k be -1 + 8*j/(-10). Suppose 0 = 5*v, k*v = 5*x + 4*v - 385. Is x composite?
True
Let h be ((-238)/56)/(2/8). Let f(n) = 18*n**2 + 39*n - 6. Is f(h) composite?
True
Suppose -61*y = -42*y - 6917615. Is y composite?
True
Let a be 1/((-3)/(-12)) - 8. Let y be -1*(-8 - (1 + a)). Let r = y + 14. Is r a prime number?
True
Suppose 5*f + 136 = 4*r, 3*f - 3*r + 6*r = -87. Let y = 32 + f. Is -3 + -1*(-356)/y a composite number?
True
Is 3396630/40 + (-77)/28 a prime number?
True
Let g(h) = 1528*h - 41. Suppose -12*k + 54 = -3*k. Is g(k) a prime number?
True
Suppose -2*b - 3*r = -4*b - 20127, 0 = -4*b - 4*r - 40204. Let x = 2765 - b. Is x a composite number?
False
Let v(w) = -w**2 - w + 1. Let x(t) = 5*t**2 + 22*t + 12. Let l(r) = -4*v(r) - x(r). Let a be l(-17). Is (-26610)/120*a/((-2)/8) prime?
True
Let n = 127 - 122. Suppose 29682 = -n*g - 3348. Let h = 9867 + g. Is h composite?
True
Suppose -25*h + 11*h = -90622. Suppose d - 5*o - h = -2*d, 0 = 2*o - 4. Is d prime?
True
Let f = 180 + -101. Let q = f - 75. Suppose 0 = 2*j + q*h - h - 8513, -j + 2*h + 4239 = 0. Is j prime?
False
Let o = -408 + 411. Is -1*(-1)/(o/58518*6) prime?
True
Is 96/(-256) - ((-62313405)/40)/11 prime?
False
Suppose -2*p + 199207 = -q, 0 = -2*q + 29 - 15. Is p a prime number?
True
Let h = 2467 + 579. Suppose h = 20*f - 157134. Is f a prime number?
True
Suppose 0 = -4*z - 6639 + 1735. Let w = z + 2205. Is w prime?
False
Is (6/9)/(228/1066698) a composite number?
False
Let w(d) = -1216*d - 192. Let k be w(-6). Let s = k + -4169. Is s a prime number?
False
Let m = -2430 - -3936. Suppose -10*p - m = -13*p - 3*f, -3*p + 4*f + 1485 = 0. Is p a prime number?
True
Suppose 7*y + 236820 = 19*y. Is y prime?
False
Suppose -8*p + 312926 = -4*p - u, 4*p - 5*u = 312934. Let y = -33968 + p. Is y composite?
False
Is ((-1)/(-2))/(22/28019596)*1 composite?
False
Let v be 5/(22/23 + 2/(-2)). Let s = v + 55. Is (69/9)/((-4)/s) prime?
False
Let x = -16 + 16. Suppose -2*q + n + 2342 = x, -q = q - 2*n - 2342. Is q prime?
True
Let x = -90 + 93. Suppose x*t = -4*a + 4*t + 7392, -5*t = -5*a + 9255. Is a a prime number?
True
Let x(t) = -18*t - 78. Let b be x(-5). Let v(l) = 5 + 240*l + 18 + 21 + 15. Is v(b) composite?
False
Suppose -15950 = -x - 2*w, -3*w + 68913 = 5*x - 10858. Suppose -7*s + 11*s = x. Is s a prime number?
True
Let x = 1198 - 1698. Let s = x + 1015. Is s prime?
False
Suppose t = 2*x + 10, -5*t - 4*x - 25 = x. Suppose 22 = 3*a + p, -a + t*a - 2*p + 14 = 0. Let v(h) = 967*h - 71. Is v(a) a composite number?
True
Suppose -4 = 5*r + a + 11, a = -3*r - 11. Let y(m) = -24*m**2 - 4*m + 5. Let h(v) = v**2 + v. Let i(w) = r*h(w) - y(w). Is i(6) prime?
False
Let m(v) = -v**2 + 8*v - 12. Let t be m(5). Suppose -4*d - t*k = 66, d = -4*d - 5*k - 80. Is (-1490)/(-6) + 3*(-4)/d prime?
False
Suppose 0 = 5*o, -3*x + 5*o - 2*o = -200286. Suppose 17*c = -c + x. Is c a prime number?
True
Let b = 1699 + -403. Suppose -f = -5*j + b, 3*j - 6*f = -2*f + 781. Is j a prime number?
False
Is (2*12/(-4))/(-2)*(-12931583)/(-21) prime?
True
Let r(c) = -c**2 - 11*c + 28. Let z be r(-13). Suppose i - 4*o = 1377, -o - z = 2. Is i composite?
False
Suppose -33*l = -48*l + 23055. Suppose 0 = 2*f - 481 - l. Is f composite?
False
Suppose 630 - 11461 = -3*o + 4*k, -o = 4*k - 3621. Is o prime?
True
Suppose 1682439 = 9*s + 397599. Suppose 32*y + 8*y = s. Is y composite?
True
Let i = -34 + 57. Let n = -21 + i. Is (-24)/n*(-91)/52 a composite number?
True
Suppose 13*o + 1112160 = 17*o. Suppose 0 = 4*n + 5*v - o, 4*v - 2*v = 8. Is n a prime number?
False
Let o(s) = 622*s - 38 - 34 + 62. Is o(6) a prime number?
False
Let v = -136 - -2634. Let u = v - 213. Is u a composite number?
True
Suppose 0*c + t = 3*c - 699, -3*c - 2*t + 708 = 0. Let s = c + -416. Let y = 477 - s. Is y prime?
True
Let z = 87 - 45. Is z/(-4)*2278/(-51) a composite number?
True
Let p = -63754 + 121697. Is p a composite number?
False
Let v(y) = 8*y**2 - 201*y + 96. Is v(65) a prime number?
False
Let f be (40/(-15) + 4)*(-3)/(-2). Let o(j) = 2349*j - 7. Is o(f) a composite number?
False
Let i be 14/(-21) - 8/(-3). Suppose n - 596 = -i*j, -20*j - 2*n = -22*j + 602. Is j a prime number?
False
Let i be ((-55)/(-10))/((-2)/(-4)). Let y(a) = 5*a**2 - 11*a - 53. Is y(i) prime?
True
Let l(g) = -8*g**3 - 31*g**2 - 30*g - 41. Is l(-20) a prime number?
False
Let q = 370 + -360. Is 5438*(-1 + 35/q + -2) prime?
True
Is (1574879/(-92))/(2 + 36/(-16)) prime?
True
Is -12*(-1598)/(-1020)*41770/(-4) prime?
False
Suppose -3*n - 1753 = 5*w - 20304, 2*n - 5*w - 12384 = 0. Suppose 57312 = 644*o - 660*o. Let r = o + n. Is r a prime number?
False
Suppose -5*q - 2*o = -72930, 0 = -2*q + 3*q + o - 14586. Suppose 0 = 4*j - 5*y - 29107, 7*j - q = 5*j - 4*y. Is j prime?
True
Suppose -2*z - 118 = b - 5*b, 3*b - 108 = -5*z. Suppose -26*f = -b*f + 25910. Is f composite?
True
Is (36/30 - 5/(-75)*-93) + 390266 a prime number?
False
Let h(s) = 16*s**2 - 236*s - 55. Is h(-9) prime?
False
Suppose 0*v + 3*v + 3*y + 15 = 0, y + 13 = -5*v. Let m be (70/(-10))/(1*2/v). Is 3/(3/(-2)) + (m - -1632) prime?
True
Let s = -2262 + 6893. Suppose -3*y + 7362 = -3*t, 4497 - 14303 = 4*t + y. Let z = t + s. Is z a composite number?
False
Let m(c) = 7*c + 11. Let r be m(-8). Let o = 23 + r. Is (-41870)/o - (-1 + (-26)/(-22)) a prime number?
False
Suppose -2*j - 97851 = -5*z - 10796, -17411 = -z - 3*j. Is z composite?
True
Let x be (-7)/((4/(-8))/((-10)/(-20))). Suppose x*d + 2017 = 45123. Is d a composite number?
True
Let u(s) = -689*s - 56. Let y be u(-12). Suppose -64197 = -5*a - y. Is a a composite number?
False
Let f be 3/(-1) + (-3 - -5). Suppose 3*i = 2*s + 4, 6*i - 4*i = -4*s - 24. Is (i - f) + (-24)/(-8) + 233 composite?
True
Let r be ((-36)/(-15))/((-10)/(-125)). Let s = -59 + 88. Suppose -r*v = -s*v - 439. Is v composite?
False
Let m(s) = 7*s**2 + 23*s - 15. Let n be m(17). Suppose -5*w - 1966 = n. Let a = w + 1436. Is a a prime number?
True
Let p be 2/(-17) + (-888)/(-34). Suppose 2*m + 130 = 7*m + 4*c, 2*c + p = m. Suppose -m*y = -31*y + 1335. Is y a prime number?
False
Let h be (-11)/2 - -5 - 2511/6. Let r = 596 + h. Is r composite?
True
Let l = 464593 - 168930. Is l prime?
True
Suppose -2*c - 9*f = -8*f - 217370, 5*f = -4*c + 434728. Is c a composite number?
True
Let u = -24 - -26. Let k(v) = 6 - u*v**3 - 3*v - 14 - 5 + v - 27*v**2. Is k(-18) a composite number?
False
Suppose -5*r + 2*k = 3*k + 166, 2*r + 2*k + 60 = 0. Let v be ((-8)/(-10))/(r/(-52870)). Suppose 0 = 12*y - 8*y - v. Is y 